f 3332220?
True
Does 109 divide 159335?
False
Does 153 divide 198441?
True
Is 11 a factor of 3111394?
True
Does 278 divide 5570564?
True
Is 28 a factor of 131671?
False
Is 804923 a multiple of 12?
False
Is 36 a factor of 212730?
False
Is 172 a factor of 18330900?
True
Does 3 divide 1463749?
False
Does 41 divide 631685?
False
Is 829432 a multiple of 4?
True
Does 3 divide 1210362?
True
Is 699940 a multiple of 790?
True
Is 72 a factor of 1491552?
True
Is 10 a factor of 66362?
False
Is 59 a factor of 24076?
False
Is 9 a factor of 3179970?
True
Does 220 divide 728961?
False
Is 1084 a factor of 296089?
False
Is 578772 a multiple of 45?
False
Is 137 a factor of 6273915?
True
Is 12 a factor of 1433282?
False
Does 9 divide 24033?
False
Is 265919 a multiple of 109?
False
Is 88872 a multiple of 14?
True
Is 590977 a multiple of 104?
False
Is 5 a factor of 72436?
False
Is 110 a factor of 479232?
False
Is 79 a factor of 247902?
True
Is 11 a factor of 349410?
False
Is 6 a factor of 123098?
False
Is 75 a factor of 5325?
True
Is 72 a factor of 249924?
False
Does 23 divide 5746159?
True
Is 63 a factor of 2818053?
True
Is 968 a factor of 2712169?
False
Is 236 a factor of 809038?
False
Is 976216 a multiple of 45?
False
Does 280 divide 841437?
False
Is 111 a factor of 1030524?
True
Is 11 a factor of 36669?
False
Does 49 divide 95319?
False
Is 75 a factor of 258576?
False
Is 12 a factor of 156042?
False
Is 132 a factor of 287880?
False
Is 106 a factor of 2249638?
True
Is 399143 a multiple of 89?
False
Does 33 divide 4126155?
True
Does 72 divide 96605?
False
Is 4 a factor of 140262?
False
Is 7 a factor of 12678435?
True
Is 228726 a multiple of 87?
False
Is 12 a factor of 2182440?
True
Is 43284 a multiple of 6?
True
Is 364745 a multiple of 120?
False
Is 12 a factor of 1258960?
False
Does 33 divide 154639?
False
Is 2460908 a multiple of 620?
False
Does 8 divide 1125104?
True
Is 78811 a multiple of 12?
False
Does 91 divide 365439?
False
Is 70 a factor of 1757353?
False
Is 225172 a multiple of 164?
True
Does 8 divide 3632?
True
Is 74885 a multiple of 4?
False
Does 642 divide 8562996?
True
Does 177 divide 3237684?
True
Is 306266 a multiple of 198?
False
Is 137 a factor of 126177?
True
Is 191 a factor of 28093?
False
Is 51 a factor of 631941?
True
Is 13 a factor of 40934?
False
Is 7 a factor of 330385?
False
Is 15861 even?
False
Does 15 divide 724860?
True
Is 158928 a multiple of 231?
True
Is 191795 a multiple of 116?
False
Does 6 divide 243994?
False
Is 5 a factor of 21823?
False
Is 12 a factor of 2373276?
True
Is 72 a factor of 3834576?
True
Does 8 divide 4412642?
False
Is 542386 a multiple of 46?
True
Is 257 a factor of 631192?
True
Is 1164 a factor of 1971816?
True
Does 166 divide 1219934?
True
Is 32838 a multiple of 88?
False
Is 78085 a multiple of 97?
True
Is 16 a factor of 2416720?
True
Does 142 divide 171914?
False
Does 42 divide 44765?
False
Is 4 a factor of 2490836?
True
Does 83 divide 340715?
True
Is 6079 even?
False
Is 3318280 a multiple of 98?
True
Is 72 a factor of 19480824?
True
Is 3567824 a multiple of 52?
True
Is 40093 a multiple of 108?
False
Is 487446 a multiple of 31?
False
Does 13 divide 2604?
False
Is 661295 a multiple of 198?
False
Is 17 a factor of 3298067?
False
Is 1073 a factor of 3597769?
True
Does 745 divide 4036410?
True
Is 873106 a multiple of 387?
False
Is 225622 a multiple of 6?
False
Is 9 a factor of 2117392?
False
Is 35 a factor of 156800?
True
Does 516 divide 2355070?
False
Does 18 divide 205002?
True
Does 62 divide 3016?
False
Is 57570 a multiple of 190?
True
Does 57 divide 37734?
True
Is 7 a factor of 9071244?
True
Is 8 a factor of 21647?
False
Does 83 divide 620010?
True
Is 24276 a multiple of 42?
True
Does 37 divide 135494?
True
Does 13 divide 180713?
True
Is 1495476 a multiple of 9?
True
Is 675445 a multiple of 37?
False
Is 3912545 a multiple of 65?
True
Is 59220 a multiple of 7?
True
Is 750 a factor of 147750?
True
Is 4 a factor of 141549?
False
Does 46 divide 1483040?
True
Is 44975 a multiple of 35?
True
Is 158636 a multiple of 9?
False
Does 151 divide 234216?
False
Is 6 a factor of 35926?
False
Is 80 a factor of 543440?
True
Does 10 divide 19860?
True
Does 46 divide 3601708?
True
Is 505 a factor of 610333?
False
Is 47 a factor of 396962?
True
Does 15 divide 70095?
True
Does 7 divide 806911?
True
Is 4887849 a multiple of 73?
False
Does 235 divide 3589155?
True
Does 13 divide 845776?
False
Is 45 a factor of 13431375?
True
Is 7 a factor of 131965?
False
Is 392200 a multiple of 185?
True
Is 4 a factor of 71540?
True
Does 14 divide 346921?
False
Does 8 divide 5516828?
False
Is 32 a factor of 436672?
True
Does 39 divide 15975219?
True
Is 100 a factor of 1382800?
True
Is 190980 a multiple of 36?
True
Is 74037 a multiple of 87?
True
Is 13 a factor of 19046612?
True
Is 7 a factor of 209300?
True
Is 66 a factor of 12901683?
False
Is 40 a factor of 145440?
True
Does 35 divide 2506450?
False
Is 530868 a multiple of 13?
True
Does 111 divide 592670?
False
Is 54496 a multiple of 208?
True
Is 12 a factor of 36795?
False
Is 24 a factor of 128276?
False
Is 1746107 a multiple of 42?
False
Is 4317513 a multiple of 694?
False
Does 11 divide 4434980?
True
Does 102 divide 1328754?
True
Does 37 divide 566032?
False
Is 3 a factor of 109247?
False
Is 219138 a multiple of 94?
False
Is 9 a factor of 6085528?
False
Is 18 a factor of 2287?
False
Is 525 a factor of 1097471?
False
Does 574 divide 24682?
True
Is 26 a factor of 54990?
True
Is 6 a factor of 7565?
False
Is 78310 a multiple of 191?
True
Is 247 a factor of 3485664?
True
Does 9 divide 1578540?
False
Does 80 divide 875013?
False
Is 42677 a multiple of 128?
False
Is 99483 a multiple of 4?
False
Is 554 a factor of 9697396?
False
Does 17 divide 2281553?
True
Does 81 divide 172125?
True
Is 415720 a multiple of 8?
True
Is 17997697 a multiple of 565?
False
Is 62275 a multiple of 25?
True
Does 718 divide 91186?
True
Is 1235897 a multiple of 71?
True
Is 108353 a multiple of 8?
False
Does 17 divide 1324873?
False
Does 42 divide 160738?
False
Is 191432 a multiple of 2?
True
Does 174 divide 259051?
False
Does 50 divide 334383?
False
Is 354144 a multiple of 56?
True
Is 533225 a multiple of 7?
True
Is 4890622 a multiple of 31?
True
Does 151 divide 409512?
True
Is 96072 even?
True
Is 10792 a multiple of 8?
True
Does 808 divide 1965864?
True
Is 16 a factor of 17568?
True
Is 22 a factor of 7582916?
True
Does 56 divide 125104?
True
Does 15 divide 4185?
True
Is 12 a factor of 473976?
True
Is 56700 a multiple of 36?
True
Is 1225940 a multiple of 20?
True
Is 177 a factor of 2316041?
False
Does 17 divide 337097?
False
Is 3322524 a multiple of 87?
False
Does 278 divide 341195?
False
Does 32 divide 640920?
False
Does 41 divide 565935?
False
Is 312747 a multiple of 183?
True
Is 49 a factor of 4667508?
False
Is 1222192 a multiple of 8?
True
Does 230 divide 696900?
True
Is 3489261 a multiple of 1403?
True
Is 718806 a multiple of 167?
False
Does 100 divide 575700?
True
Does 16 divide 1622144?
True
Is 109 a factor of 2041461?
True
Does 40 divide 367000?
True
Is 84113 a multiple of 19?
True
Is 97 a factor of 42195?
True
Does 11 divide 2674644?
False
Is 28 a factor of 104272?
True
Does 47 divide 132508?
False
Is 353 a factor of 310272?
False
Is 45 a factor of 241294?
False
Does 46 divide 2358972?
True
Is 17 a factor of 244970?
True
Is 57 a factor of 604086?
True
Is 175140 a multiple of 105?
True
Is 8 a factor of 477740?
False
Does 630 divide 1425566?
False
Is 580 a factor of 343940?
True
Is 2241528 a multiple of 354?
True
Is 11 a factor of 98400?
False
Does 3 divide 2758375?
False
Does 60 divide 310962?
False
Does 94 divide 65330?
True
Does 104 divide 440232?
True
Is 5758 a multiple of 40?
False
Is 131485 a multiple of 64?
False
Is 30 a factor of 237720?
True
Is 1804224 a multiple of 12?
True
Is 606 a factor of 1601926?
False
Does 88 divide 11147?
False
Does 885 divide 6552540?
True
Does 63 divide 522585?
True
Is 32121 a multiple of 6?
False
Does 294 divide 6589840?
False
Is 1868098 a multiple of 1155?
False
Is 20 a factor of 12329380?
True
Is 31 a factor of 909886?
False
Does 16 divide 4573?
False
Is 2310742 a multiple of 5?
False
Is 137 a factor of 115491?
True
Is 9623734 a multiple of 34?
True
Is 258 a factor of 2150818?
Fa